actors of 5904?
2, 3, 41
What are the prime factors of 1590?
2, 3, 5, 53
List the prime factors of 1315.
5, 263
What are the prime factors of 18528?
2, 3, 193
List the prime factors of 8634.
2, 3, 1439
What are the prime factors of 2188?
2, 547
What are the prime factors of 2611?
7, 373
List the prime factors of 1230.
2, 3, 5, 41
List the prime factors of 24041.
29, 829
List the prime factors of 10294.
2, 5147
List the prime factors of 11044.
2, 11, 251
List the prime factors of 20372.
2, 11, 463
List the prime factors of 16665.
3, 5, 11, 101
What are the prime factors of 33301?
33301
List the prime factors of 41978.
2, 139, 151
What are the prime factors of 27378?
2, 3, 13
List the prime factors of 44757.
3, 4973
What are the prime factors of 2275?
5, 7, 13
List the prime factors of 60001.
29, 2069
List the prime factors of 690.
2, 3, 5, 23
List the prime factors of 103694.
2, 139, 373
List the prime factors of 115401.
3, 11, 13, 269
List the prime factors of 20816.
2, 1301
List the prime factors of 71056.
2, 4441
List the prime factors of 4106.
2, 2053
What are the prime factors of 21420?
2, 3, 5, 7, 17
List the prime factors of 16706.
2, 8353
List the prime factors of 886.
2, 443
List the prime factors of 2690.
2, 5, 269
List the prime factors of 117639.
3, 4357
What are the prime factors of 78?
2, 3, 13
What are the prime factors of 1025?
5, 41
What are the prime factors of 16356?
2, 3, 29, 47
List the prime factors of 7157.
17, 421
List the prime factors of 102542.
2, 11, 59, 79
What are the prime factors of 2573?
31, 83
List the prime factors of 8025.
3, 5, 107
List the prime factors of 58899.
3, 29, 677
List the prime factors of 962.
2, 13, 37
What are the prime factors of 3827?
43, 89
List the prime factors of 25005.
3, 5, 1667
What are the prime factors of 48?
2, 3
List the prime factors of 2290.
2, 5, 229
What are the prime factors of 1822?
2, 911
List the prime factors of 2606.
2, 1303
What are the prime factors of 692?
2, 173
List the prime factors of 113542.
2, 11, 13, 397
What are the prime factors of 918?
2, 3, 17
List the prime factors of 694.
2, 347
What are the prime factors of 77616?
2, 3, 7, 11
List the prime factors of 138.
2, 3, 23
What are the prime factors of 97570?
2, 5, 11, 887
List the prime factors of 3533.
3533
List the prime factors of 1203.
3, 401
What are the prime factors of 14900?
2, 5, 149
List the prime factors of 8285.
5, 1657
What are the prime factors of 8347?
17, 491
List the prime factors of 19087.
19087
List the prime factors of 6029.
6029
List the prime factors of 13458.
2, 3, 2243
List the prime factors of 2271.
3, 757
What are the prime factors of 3406?
2, 13, 131
What are the prime factors of 2199?
3, 733
What are the prime factors of 2325?
3, 5, 31
List the prime factors of 1597.
1597
List the prime factors of 17197.
29, 593
What are the prime factors of 2360?
2, 5, 59
List the prime factors of 5654.
2, 11, 257
List the prime factors of 1056.
2, 3, 11
List the prime factors of 91737.
3, 10193
List the prime factors of 161599.
161599
List the prime factors of 789.
3, 263
What are the prime factors of 104634?
2, 3, 5813
What are the prime factors of 3004?
2, 751
What are the prime factors of 48064?
2, 751
What are the prime factors of 1449?
3, 7, 23
List the prime factors of 232.
2, 29
List the prime factors of 19902.
2, 3, 31, 107
List the prime factors of 1670.
2, 5, 167
What are the prime factors of 61140?
2, 3, 5, 1019
What are the prime factors of 17461?
19, 919
What are the prime factors of 23326?
2, 107, 109
What are the prime factors of 4240?
2, 5, 53
What are the prime factors of 30806?
2, 73, 211
List the prime factors of 4361.
7, 89
List the prime factors of 821.
821
List the prime factors of 1641.
3, 547
What are the prime factors of 19231?
19231
What are the prime factors of 12214?
2, 31, 197
What are the prime factors of 37146?
2, 3, 41, 151
What are the prime factors of 78?
2, 3, 13
List the prime factors of 2298.
2, 3, 383
List the prime factors of 9297.
3, 1033
List the prime factors of 2597.
7, 53
What are the prime factors of 5410?
2, 5, 541
List the prime factors of 761.
761
What are the prime factors of 204?
2, 3, 17
List the prime factors of 2432.
2, 19
List the prime factors of 22710.
2, 3, 5, 757
List the prime factors of 9198.
2, 3, 7, 73
What are the prime factors of 868?
2, 7, 31
What are the prime factors of 34691?
113, 307
What are the prime factors of 5045?
5, 1009
What are the prime factors of 820?
2, 5, 41
What are the prime factors of 3133?
13, 241
List the prime factors of 6579.
3, 17, 43
What are the prime factors of 9813?
3, 3271
What are the prime factors of 27146?
2, 7, 277
List the prime factors of 66394.
2, 89, 373
What are the prime factors of 32295?
3, 5, 2153
What are the prime factors of 4880?
2, 5, 61
What are the prime factors of 13188?
2, 3, 7, 157
What are the prime factors of 14026?
2, 7013
List the prime factors of 1802.
2, 17, 53
What are the prime factors of 98?
2, 7
What are the prime factors of 831?
3, 277
List the prime factors of 1161.
3, 43
List the prime factors of 51279.
3, 17093
What are the prime factors of 831?
3, 277
List the prime factors of 1025.
5, 41
What are the prime factors of 1884?
2, 3, 157
List the prime factors of 11235.
3, 5, 7, 107
List the prime factors of 408.
2, 3, 17
What are the prime factors of 29403?
3, 11
What are the prime factors of 51102?
2, 3, 17, 167
What are the prime factors of 3217?
3217
What are the prime factors of 3274?
2, 1637
List the prime factors of 2778.
2, 3, 463
What are the prime factors of 523?
523
List the prime factors of 20481.
3, 6827
What are the prime factors of 820?
2, 5, 41
What are the prime factors of 1105?
5, 13, 17
List the prime factors of 2234.
2, 1117
What are the prime factors of 1894?
2, 947
What are the prime factors of 46962?
2, 3, 2609
List the prime factors of 4585.
5, 7, 131
What are the prime factors of 1005?
3, 5, 67
What are the prime factors of 8546?
2, 4273
List the prime factors of 22602.
2, 3, 3767
List the prime factors of 13313.
13313
What are the prime factors of 4223?
41, 103
What are the prime factors of 298?
2, 149
What are the prime factors of 2236?
2, 13, 43
List the prime factors of 2272.
2, 71
List the prime factors of 7147.
7, 1021
List the prime factors of 7998.
2, 3, 31, 43
List the prime factors of 52047.
3, 5783
List the prime factors of 101316.
2, 3, 8443
What are the prime factors of 2127?
3, 709
List the prime factors of 1631.
7, 233
List the prime factors of 14904.
2, 3, 23
What are the prime factors of 1083?
3, 19
What are the prime factors of 819?
3, 7, 13
What are the prime factors of 283?
283
What are the prime factors of 63567?
3, 7, 1009
List the prime factors of 1317.
3, 439
List the prime factors of 43250.
2, 5, 173
List the prime factors of 459.
3, 17
List the prime factors of 10596.
2, 3, 883
List the prime factors of 1014.
2, 3, 13
What are the prime factors of 6174?
2, 3, 7
List the prime factors of 128515.
5, 25703
What are the prime factors of 12791?
12791
What are the prime factors of 4648?
2, 7, 83
What are the prime factors of 78?
2, 3, 13
List the prime factors of 160.
2, 5
What are the prime factors of 449?
449
What are the prime factors of 20526?
2, 3, 11, 311
What are the prime factors of 3423?
3, 7, 163
List the prime factors of 3448.
2, 431
List the prime factors of 40372.
2, 10093
List the prime factors of 662.
2, 331
List the prime factors of 5765.
5, 1153
What are the prime factors of 16608?
2, 3, 173
List the prime factors of 3893.
17, 229
List the prime factors of 21629.
43, 503
What are the prime factors of 9444?
2, 3, 787
List the prime factors of 352.
2, 11
List the prime factors of 4358.
2, 2179
What are the prime factors of 2208?
2, 3, 23
What are the prime factors of 3218?
2, 1609
What are the prime factors of 3157?
7, 11, 41
List the prime factors of 148152.
2, 3, 6173
What are the prime factors of 69?
3, 23
What are the prime factors of 562?
2, 281
What are the prime factors of 8807?
8807
List the prime factors of 18147.
3, 23, 263
List the prime factors of 585.
3, 5, 13
What are the prime factors of 7219?
7219
List the prime factors of 3781.
19, 199
List the prime factors of 755.
5, 151
List the prime factors